4*p**2 + 4*p + 3. Determine v(t).
-53
Let r(j) be the first derivative of j**3 + 13*j**2 + 37*j + 4021. Determine r(-7).
2
Let i(o) be the third derivative of -o**6/120 - 7*o**5/60 + 2*o**2 - 563*o + 1. Calculate i(-5).
-50
Let x(m) = 90693*m**2 + 2*m - 181384*m**2 + 90690*m**2 - 46 + 26*m. Calculate x(26).
6
Let i be (-2)/(1 - 2/6)*-7. Suppose 26*s = i*s - 5. Let p(f) = -15*f - 1. Give p(s).
14
Let q(m) = -m**3 + 17*m**2 + 35*m + 22. Let f be 42756/2545 + ((-32)/(-10) - 1). Give q(f).
-35
Suppose -s + 6 = c, -3*c + 22 = 5*s + 6. Let u(m) = 3*m - 814 + 822 - 6*m - m + 3*m. Give u(c).
1
Let y(s) = -15 - 14*s + s**2 - 5 - 14 - 2*s**2. Let i be y(-10). Let n(r) = -32*r - 4 + 28*r + 11. Calculate n(i).
-17
Suppose -18*j = 2*k - 16*j + 12, -2*k - 16 = -2*j. Let z(p) be the third derivative of p**6/120 + 2*p**5/15 + p**4/3 - p**3 - 15*p**2 - 9. Give z(k).
-13
Let s(h) = 4*h**2 + 2 - 3*h**2 - 2*h**2. Let x = 95779 + -95785. Determine s(x).
-34
Let x(c) = -2*c**2 - 13*c - 12. Let n(a) = -11*a**2 + 16*a + 6. Let p be n(2). Calculate x(p).
-6
Let n(i) be the first derivative of -i**4/4 - 11*i**3/3 + 7*i**2 + 16*i + 1. Suppose 831 = -199*y - 1557. What is n(y)?
-8
Let r = -12 - -6. Let f(h) be the third derivative of h**6/120 + h**5/10 + h**4/12 - h**3/3 + 4533*h**2 + 2*h + 1. Calculate f(r).
-14
Let m be 5/(-2 - 11/(-5)). Let d(k) = m*k - 8*k - 9*k - 9*k + 1. Calculate d(6).
-5
Let q(l) be the second derivative of l**7/2520 + l**6/90 + l**5/120 + 7*l**4/6 + 12*l. Let i(j) be the third derivative of q(j). Calculate i(-8).
1
Suppose -w = -t - 0*t - 5, 21 = -4*t + 5*w. Let u(m) = m**3 - 4 + 2*m + 2 + 9*m**2 - 33*m**2 + 3 + 28*m**2. Give u(t).
-7
Suppose 43*d + 2 = n + 46*d, 4*d = -4*n + 16. Let t(y) = -y**3 + 8*y**2 - 7*y - 17. Calculate t(n).
23
Suppose -17*g + 760 = 133*g + 40*g. Let m(j) = 16*j - 74. Determine m(g).
-10
Suppose p - 3*u = -2, 5*p - 5*u = 94 - 104. Let o(h) = 61*h + 130. Determine o(p).
8
Let l(j) = j**3 + j - 4. Let y be 6 + -8 - -1 - -66. Suppose -70*d = -y*d. Calculate l(d).
-4
Suppose 56 = -2*i + z + 53, -z - 3 = 4*i. Let h(q) = q**2 - 7*q - 6. What is h(i)?
2
Let o(b) be the second derivative of -5*b**4/24 + 7*b**3/6 - 108*b**2 + 23*b. Let u(z) be the first derivative of o(z). Calculate u(-5).
32
Let j(m) = 3*m**2 - 5*m + 4. Suppose -11*q + v - 25 = -15*q, -5*q = -5*v - 25. Let a(c) = c**3 - 6*c**2 - 8*c + 52. Let h be a(q). Give j(h).
32
Suppose -8*y - 12 = -11*y - 5*s, 0 = 3*y - s - 12. Suppose -y*u - 10 = 10. Let t(r) = -3*r - 16. Give t(u).
-1
Suppose 4*k + 4 - 20 = 0. Suppose h + 40 = -k*h. Let g be -1 - (0 - h)*-1. Let q(a) = a**3 - 7*a**2 - a + 7. What is q(g)?
0
Let d be ((-1)/((-4)/(-20)))/(-1). Let s(l) = 6 + d*l + 8*l + 12*l - 27*l. Calculate s(-5).
16
Let l be 1*(-10 - -7) + 12. Let v(k) be the third derivative of -k**6/120 + 3*k**5/20 + k**4/8 + k**3/2 - 26*k**2. Determine v(l).
30
Let k(j) = -4*j**2 - 6*j - 5. Let q(b) = -b**2 + 64*b - 1028. Let f be q(32). Calculate k(f).
-45
Let b(n) = 2*n**2 + 23*n - 39. Let t be b(-13). Let p(m) = 43*m + 20*m - m**2 - 1 + t - 59*m. What is p(6)?
-13
Let l be ((-2)/(-6))/((-3)/(-9)). Let t = -4 - l. Let m(d) = 3*d - d**2 + 55635 + d**2 + d**2 - 55634. Give m(t).
11
Let v(f) = 2*f**2 - 5*f + 3. Let s(w) = 332*w - 995. Let c be s(3). Determine v(c).
0
Suppose 0 = -2*s + j - 13, -s - 8 = -2*j - 3. Let k(b) = -6*b**2 + 0*b**2 + 121*b**3 - 66*b**3 + 51*b - 56*b**3 - 44*b + 9. Calculate k(s).
9
Let c(p) = -19 - 13*p + 9*p + 10 - p**2. Let j be (-288)/360*(15/2 + 0). What is c(j)?
-21
Let a be (-6 - -1)/(2/(-2)). Suppose -v + 6*v = a*t - 5, -t - 1 = v. Let o(p) be the first derivative of p**2/2 + 10*p - 219. Give o(t).
10
Let z(q) = -27*q**2 - 3*q + 13. Let j(i) = 52*i**2 + 5*i - 22. Let v(b) = -3*j(b) - 5*z(b). Let c(x) = x - 6. Let p = -1 - -6. Let y be c(p). What is v(y)?
-20
Let k(p) = 3*p + 2. Let z(w) = -w - 1. Let i be ((-2)/6)/(1 - (-48)/(-45)). Let q(c) = i*z(c) + 2*k(c). Suppose 4*u + v + 0*v = 12, u + 6 = 2*v. Give q(u).
1
Let u = -64 + 78. Suppose u = 21*v - 7. Let x(r) = 46*r - 1. Calculate x(v).
45
Let a(o) = o**2. Let l(c) = c**2 - 9*c + 23. Let x be l(6). Suppose 2 = 7*p - x. What is a(p)?
1
Let d(a) be the first derivative of -a**3/3 - 2*a**2 + 25*a + 2000. Determine d(4).
-7
Let j = -5 + 10. Let a(x) = -21*x - 41. Let w(t) = -101*t - 195. Let v(d) = -24*a(d) + 5*w(d). Calculate v(j).
4
Let b(v) = v**2 + 5*v + 22. Let o(q) = -q**2 - 6*q - 23. Let m(f) = 2*f**2 + 31*f + 21. Let t be m(-15). Let y(l) = t*b(l) + 5*o(l). Calculate y(0).
17
Let n(s) = -s**2 + 9*s - 6. Let j be n(8). Let q(l) = 3*l - 5*l - l + j*l. Let f be (-11)/((-132)/108) - (-1 - -6). What is q(f)?
-4
Suppose 4*j = 4*z, -z + 3*j = -4*z - 6. Let b(a) be the first derivative of 4*a**3 + a**2/2 + a - 1031. Give b(z).
12
Let q(b) = -245*b**2 - 25*b + b**3 + 330*b**2 - 109*b**2 - 23. Give q(25).
-23
Let v(l) be the third derivative of -l**6/360 - l**5/120 + 7*l**4/24 - 221*l**3/6 - 91*l**2. Let y(s) be the first derivative of v(s). Calculate y(-5).
-13
Let r(q) = 3*q - 5*q - 2*q + 3*q - 5. Suppose 7*j = 5*j - 4*k + 56, 0 = -2*j + k + 51. Suppose 3*l + 22 = -2*p, l + 2*l + p = -j. Determine r(l).
5
Let r(c) = -127*c + 3. Let h(n) = -382*n + 11. Let p(w) = 2*h(w) - 7*r(w). Determine p(1).
126
Let i(z) be the first derivative of -10*z**3/3 + 36*z**2 - 14*z + 3429. Give i(7).
0
Let b(u) = -u**2 + u - 8. Let p be (9 - -1)/(1*2). Suppose z = 2*n - 2*z - 10, -p*n + 3*z = -25. Suppose -w - n + 17 = -4*a, -2*w - a = 3. Give b(w).
-8
Let t(o) = -10*o**2 + 71*o - 5. Suppose -l + 5*y = -17, -4*l + 13 + 9 = 3*y. Calculate t(l).
2
Suppose -7*p = 2*p - 25*p - 128. Let l(y) = -5*y**2 - 25*y + 34. Let q(u) = u**2 + 5*u - 7. Let o(i) = -2*l(i) - 11*q(i). What is o(p)?
-15
Let a(y) = y**2 + 8*y + 9. Let z be (1/2)/(10/980). Suppose -45*f + z*f = -32. Give a(f).
9
Let v(f) = 29*f + 1251. Let m be v(-43). Let d(p) = -p + 1. Let o(g) = -9*g + 8. Let c(j) = 6*d(j) - o(j). Calculate c(m).
10
Suppose -2*p + 5*b = -17, 6*p - 14 = -b + 21. Let d(c) = c**3 - 6*c**2 + 3*c + 5. Let r(a) = a**3 - 6*a**2 + 4*a + 6. Let x(h) = 5*d(h) - 4*r(h). What is x(p)?
-5
Let r(s) = -s**2 + 7*s - 6. Suppose 0 = 2*i - b + 92, -3*i - 7*b = -12*b + 138. Let v = i + 52. Calculate r(v).
0
Let c(z) = -944 + 166827*z - 83420*z - 83428*z. Calculate c(-45).
1
Let b(f) = -2*f**2 - 22*f + 19. Let i be (-17)/(-34 - -255) + (-284)/26. Calculate b(i).
19
Let f(r) = 75*r + 76*r - r**3 - 155*r - 2*r**2 - 7. Let t(m) = 5*m - 1. Let u(v) = -v. Let w(i) = t(i) + 6*u(i). Let a(p) = f(p) - 6*w(p). Give a(-3).
2
Let c(r) = 8 + r**2 - 10*r + 4 - 4. Let w = -29110 + 29119. What is c(w)?
-1
Let b(g) be the first derivative of 6*g**2 - 1/12*g**4 + 14 + 1/3*g**3 + 0*g. Let h(j) be the second derivative of b(j). Give h(3).
-4
Let g(o) = -12*o + 3*o + 0*o**2 - 18 - 6 - o**2. Determine g(-7).
-10
Let u(g) = -g**2 - 13*g + 3. Let x be u(-13). Let v(o) = 11*o**2 + o**x - 6 + 4321*o - 4321*o. Let p be -2*4/4 + -9. Determine v(p).
-6
Let n(o) = o**2 + 12*o - 94. Let k = -12209 - -12192. Calculate n(k).
-9
Let p(t) be the first derivative of -5*t**2 - t + 1. Suppose 5*o - 298 = -5*q + 47, -q + 57 = 4*o. Let r = 74 - q. Determine p(r).
-11
Let b(a) = -a**3 - 3*a**2 + 2*a - 38. Let l be b(-5). Let s(p) = -p**3 + 9*p - 1 + 8 - 3*p + l*p + 6*p**2. Determine s(7).
14
Let g be (6925/(-554)*1/15)/((-5)/3). Let c(t) be the second derivative of 1/3*t**3 + 3*t + 1/3*t**4 + 0 - g*t**2. What is c(2)?
19
Let n = 162 - 65. Suppose 129 = 8*c + n. Let d(s) = -s**2 + 7*s - 2. Give d(c).
10
Let c(b) = -b**2 - 10*b - 18. Let q(w) = w**2 - 46*w - 318. Let x be q(52). Determine c(x).
6
Let z(f) = f**3 - 4*f**2 + 5. Let k = -204 - -237. Let q be (126/k)/1 - (-8)/44. What is z(q)?
5
Let s be 0/(-6)*(-2)/4 + -3. Let l be -4 + (s + 6 - 4). Let g(p) = p**2 + 5*p - 2. What is g(l)?
-2
Let a(o) = -4*o - 10. Let w = -9879 - -9876. Determine a(w).
2
Let r(b) = -44 + 7*b - 2*b + 39 - 3*b. Suppose -406 = -4*h - 54*h. Calculate r(h).
9
Suppose k = 4*y + 9, -16 = -y - 3*y - 4*k. Let w(c) = -2*c + 37659 - 18829 - 18830 - 9*c. Calculate w(y).
11
Let l = -182 - -177. Let k(c) = -c**3 - 5*c**2 + 4*c + 24. Let h be k(l). Let o(v) = -v**3 + 5*v**2 - 6*v + 2. Calculate o(h).
-6
Let w(x) be the second derivative of -x**5/60 - 11